{"id":70,"date":"2020-01-11T16:23:08","date_gmt":"2020-01-11T16:23:08","guid":{"rendered":"http:\/\/info.wuppertal-greeter.de\/?page_id=70"},"modified":"2022-03-01T17:15:09","modified_gmt":"2022-03-01T17:15:09","slug":"parks","status":"publish","type":"page","link":"https:\/\/www.wuppertal-greeter.de\/en\/parks\/","title":{"rendered":"Parks"},"content":{"rendered":"<p>Wuppertal is one of the greenest cities in Germany. More than a third of its total area (57.35 square kilometers, 34 percent) consists of parks, gardens and forests as well as agricultural land. Beautification associations, which in the 19th century secured large areas of forest still preserved today and created forest parks and landscaped gardens, were responsible for the numerous recreational areas.<\/p>\n<h4>Hardt<\/h4>\n<div id=\"attachment_245\" style=\"width: 186px\" class=\"wp-caption aligncenter\"><img loading=\"lazy\" decoding=\"async\" aria-describedby=\"caption-attachment-245\" src=\"http:\/\/www.wuppertal-greeter.de\/wp-content\/uploads\/2020\/01\/Elisenturm-auf-der-Hardt-176x300.jpg\" alt=\"\" class=\"wp-image-245 size-medium\" width=\"176\" height=\"300\" srcset=\"https:\/\/www.wuppertal-greeter.de\/wp-content\/uploads\/2020\/01\/Elisenturm-auf-der-Hardt-176x300.jpg 176w, https:\/\/www.wuppertal-greeter.de\/wp-content\/uploads\/2020\/01\/Elisenturm-auf-der-Hardt-602x1024.jpg 602w, https:\/\/www.wuppertal-greeter.de\/wp-content\/uploads\/2020\/01\/Elisenturm-auf-der-Hardt-768x1306.jpg 768w, https:\/\/www.wuppertal-greeter.de\/wp-content\/uploads\/2020\/01\/Elisenturm-auf-der-Hardt-903x1536.jpg 903w, https:\/\/www.wuppertal-greeter.de\/wp-content\/uploads\/2020\/01\/Elisenturm-auf-der-Hardt.jpg 924w\" sizes=\"(max-width: 176px) 100vw, 176px\" \/><p id=\"caption-attachment-245\" class=\"wp-caption-text\">\u00a9 Foto Julia Doberitz<\/p><\/div>\n<p>The Hardt complex was named after the Hardtberg, which is a large forested hill. The Hardt is located in the city center of Wuppertal and is one of the oldest city parks in Germany.\n\nThe two historic lookout towers, the Elisen and the Bismarck tower, are the icons that define the image of the Hardt complex. The Villa Eller and Orangery can also be found in the park.<\/p>\n<h4>Barmer Anlagen<\/h4>\n<div id=\"attachment_276\" style=\"width: 310px\" class=\"wp-caption alignnone\"><img loading=\"lazy\" decoding=\"async\" aria-describedby=\"caption-attachment-276\" src=\"https:\/\/www.wuppertal-greeter.de\/wp-content\/uploads\/2020\/01\/barmer-anlagen-e1646154435849-300x169.jpg\" alt=\"Barmer Anlagen\" class=\"wp-image-276 size-medium\" width=\"300\" height=\"169\" srcset=\"https:\/\/www.wuppertal-greeter.de\/wp-content\/uploads\/2020\/01\/barmer-anlagen-e1646154435849-300x169.jpg 300w, https:\/\/www.wuppertal-greeter.de\/wp-content\/uploads\/2020\/01\/barmer-anlagen-e1646154435849-768x432.jpg 768w, https:\/\/www.wuppertal-greeter.de\/wp-content\/uploads\/2020\/01\/barmer-anlagen-e1646154435849-18x10.jpg 18w, https:\/\/www.wuppertal-greeter.de\/wp-content\/uploads\/2020\/01\/barmer-anlagen-e1646154435849.jpg 960w\" sizes=\"(max-width: 300px) 100vw, 300px\" \/><p id=\"caption-attachment-276\" class=\"wp-caption-text\">\u00a9 Foto Julia Doberitz<\/p><\/div>\n<p>Wuppertal is home to the second largest private recreation park in Germany, named the Barmer Anlagen.\nThe park was designed in 1864 and is located in the Barmen district. The park extends over 100 hectares and has numerous meadows, ponds and forests.<\/p>\n<p>In addition, the 26.25m tall Toelleturm, which is 330m above sea level, is another great attraction from which you have a wonderful view over the \u201cBergisches Land\u201d.<\/p>\n<h4>The Vorwerk Park<\/h4>\n<div id=\"attachment_146\" style=\"width: 310px\" class=\"wp-caption alignleft\"><img loading=\"lazy\" decoding=\"async\" aria-describedby=\"caption-attachment-146\" src=\"http:\/\/www.wuppertal-greeter.de\/wp-content\/uploads\/2020\/01\/IMG_20180531_133049-300x203.jpg\" alt=\"\" class=\"wp-image-146 size-medium\" width=\"300\" height=\"203\" srcset=\"https:\/\/www.wuppertal-greeter.de\/wp-content\/uploads\/2020\/01\/IMG_20180531_133049-300x203.jpg 300w, https:\/\/www.wuppertal-greeter.de\/wp-content\/uploads\/2020\/01\/IMG_20180531_133049-1024x692.jpg 1024w, https:\/\/www.wuppertal-greeter.de\/wp-content\/uploads\/2020\/01\/IMG_20180531_133049-768x519.jpg 768w, https:\/\/www.wuppertal-greeter.de\/wp-content\/uploads\/2020\/01\/IMG_20180531_133049-1536x1038.jpg 1536w, https:\/\/www.wuppertal-greeter.de\/wp-content\/uploads\/2020\/01\/IMG_20180531_133049-2048x1384.jpg 2048w\" sizes=\"(max-width: 300px) 100vw, 300px\" \/><p id=\"caption-attachment-146\" class=\"wp-caption-text\">\u00a9 Foto Julia Doberitz<\/p><\/div>\n<p style=\"text-align: left;\">The former private park of the Vorwerk family was built at the beginning of the 20th century and borders on the Barmer Anlagen. The park is characterized by its magnificent rhododendrons, the numerous ponds and the wonderful view over the Murmelbach valley.\n\nToday it is used as a public park in Barmen District.<\/p>\n<h4>Nordpark<\/h4>\n<div id=\"attachment_416\" style=\"width: 310px\" class=\"wp-caption alignnone\"><img loading=\"lazy\" decoding=\"async\" aria-describedby=\"caption-attachment-416\" src=\"http:\/\/www.wuppertal-greeter.de\/wp-content\/uploads\/2020\/03\/Skywalk\u00a9Christa-Mrozek-300x225.jpg\" alt=\"\" class=\"wp-image-416 size-medium\" width=\"300\" height=\"225\" srcset=\"https:\/\/www.wuppertal-greeter.de\/wp-content\/uploads\/2020\/03\/Skywalk\u00a9Christa-Mrozek-300x225.jpg 300w, https:\/\/www.wuppertal-greeter.de\/wp-content\/uploads\/2020\/03\/Skywalk\u00a9Christa-Mrozek.jpg 640w\" sizes=\"(max-width: 300px) 100vw, 300px\" \/><p id=\"caption-attachment-416\" class=\"wp-caption-text\">\u00a9 Foto Christa Mrozek<\/p><\/div>\n<p>This park, which is also located in Barmen, is characterized by its two special sights. The first is a beautiful game reserve and the other is a unique skywalk.\nIn the game reserve it is possible for visitors to observe and feed game and the Skywalk is a 7m high, 16.5m long viewing platform that protrudes from the forest and offers a wonderful view over Barmen.<\/p>\n<h4>Mirker Hain<\/h4>\n<div id=\"attachment_277\" style=\"width: 310px\" class=\"wp-caption alignleft\"><img loading=\"lazy\" decoding=\"async\" aria-describedby=\"caption-attachment-277\" src=\"http:\/\/www.wuppertal-greeter.de\/wp-content\/uploads\/2020\/01\/mirker-hain1-scaled-e1578898894150-300x199.jpg\" alt=\"Mirker Hain\" class=\"wp-image-277 size-medium\" width=\"300\" height=\"199\" srcset=\"https:\/\/www.wuppertal-greeter.de\/wp-content\/uploads\/2020\/01\/mirker-hain1-scaled-e1578898894150-300x199.jpg 300w, https:\/\/www.wuppertal-greeter.de\/wp-content\/uploads\/2020\/01\/mirker-hain1-scaled-e1578898894150-1024x678.jpg 1024w, https:\/\/www.wuppertal-greeter.de\/wp-content\/uploads\/2020\/01\/mirker-hain1-scaled-e1578898894150-768x509.jpg 768w, https:\/\/www.wuppertal-greeter.de\/wp-content\/uploads\/2020\/01\/mirker-hain1-scaled-e1578898894150-1536x1018.jpg 1536w, https:\/\/www.wuppertal-greeter.de\/wp-content\/uploads\/2020\/01\/mirker-hain1-scaled-e1578898894150-2048x1357.jpg 2048w, https:\/\/www.wuppertal-greeter.de\/wp-content\/uploads\/2020\/01\/mirker-hain1-scaled-e1578898894150-360x240.jpg 360w\" sizes=\"(max-width: 300px) 100vw, 300px\" \/><p id=\"caption-attachment-277\" class=\"wp-caption-text\">\u00a9 Foto Julia Doberitz<\/p><\/div>\n<p>Unlike the previous parks, the Mirker Hain is a forest but has a similar structure to a park.\nIt is a focal point for families and children thanks to its two playgrounds. Plus, a walk through the 20-hectare area is always worthwhile to escape everyday stress.<\/p>\n<h4>Von-der-Heydt-Park<\/h4>\n<p>In the south of Elberfeld lies the Heydt'sche Parkanlage with its 3.2 hectares of green space. In addition to an extensive meadow and a small forest, you will also find a children's playground and a pavilion. Whether walking, sports, or just relaxing in the meadow - the park offers some possibilities for every mood.<\/p>\n<h4>Deweerth&#8217;scher Garten<\/h4>\n<p>The small city park, located at the western end of the \"Luisenviertel,\" is bustling with colorful life. In good weather, the people of Elberfeld cavort between caf\u00e9s and sandboxes, a boules court, and a memorial to the victims of National Socialism in the park. The park has belonged to the de Weerth family since 1802. This is commemorated by the private \"Villa Frowein\", which for a time housed the Wuppertal Music Academy\/Bergische Musikschule. A monument of five fountain columns, with water flowing down into a paved trough, delights especially the children in summer.<\/p>\n<h4>Skulpturenpark Waldfrieden<\/h4>\n<p>Amid an idyllic wooded area on the southern heights between Wuppertal's city centers of Elberfeld and Barmen lies the Waldfrieden Sculpture Park. Old deciduous trees line the long twisting road that leads to the park grounds. Even on the dams of the driveway, visitors discover individual sculptures by the renowned sculptor and art professor Tony Cragg, who acquired the property with the villa of the former paint factory owner Dr. Kurt Herberts in 2006. On the 14-hectare site, the Briton exhibits a steadily growing collection of sculptures, including his sculptures and works by many renowned modern and contemporary artists.<\/p>\n<h4>The Fl\u00fcgelh\u00fcgel<\/h4>\n<div id=\"attachment_118\" style=\"width: 310px\" class=\"wp-caption alignnone\"><img loading=\"lazy\" decoding=\"async\" aria-describedby=\"caption-attachment-118\" src=\"http:\/\/www.wuppertal-greeter.de\/wp-content\/uploads\/2020\/01\/20180511_192835-300x225.jpg\" alt=\"Fl\u00fcgelh\u00fcgel\" class=\"wp-image-118 size-medium\" width=\"300\" height=\"225\" srcset=\"https:\/\/www.wuppertal-greeter.de\/wp-content\/uploads\/2020\/01\/20180511_192835-300x225.jpg 300w, https:\/\/www.wuppertal-greeter.de\/wp-content\/uploads\/2020\/01\/20180511_192835-1024x768.jpg 1024w, https:\/\/www.wuppertal-greeter.de\/wp-content\/uploads\/2020\/01\/20180511_192835-768x576.jpg 768w, https:\/\/www.wuppertal-greeter.de\/wp-content\/uploads\/2020\/01\/20180511_192835-1536x1152.jpg 1536w, https:\/\/www.wuppertal-greeter.de\/wp-content\/uploads\/2020\/01\/20180511_192835-2048x1536.jpg 2048w\" sizes=\"(max-width: 300px) 100vw, 300px\" \/><p id=\"caption-attachment-118\" class=\"wp-caption-text\">\u00a9 Foto Jamil Hmida<\/p><\/div>\n<p class=\"translation-block\">The Fl\u00fcgelh\u00fcgel is a wonderful vantage point on the University campus Grifflenberg. From this vantage point you can look directly into the valley.<\/p>\n<hr>\n<p>&nbsp;<\/p>","protected":false},"excerpt":{"rendered":"<p>Wuppertal ist einer der gr\u00fcnsten Gro\u00dfst\u00e4dte Deutschlands. Mehr als ein Drittel seiner Gesamtfl\u00e4che (57,35 Quadratkilometer, 34 Prozent) besteht aus Parks, G\u00e4rten und W\u00e4ldern sowie landwirtschaftlicher Nutzfl\u00e4che. Versch\u00f6nerungsvereine, die im 19. Jahrhundert gro\u00dfe noch heute erhaltene Waldfl\u00e4chen gesichert und Waldparks und Landschaftsg\u00e4rten angelegt haben, waren verantwortlich f\u00fcr die zahlreichen Erholungsfl\u00e4chen. Hardt<\/p>","protected":false},"author":2,"featured_media":0,"parent":0,"menu_order":0,"comment_status":"closed","ping_status":"closed","template":"","meta":{"ngg_post_thumbnail":0,"footnotes":""},"class_list":["post-70","page","type-page","status-publish","hentry"],"_links":{"self":[{"href":"https:\/\/www.wuppertal-greeter.de\/en\/wp-json\/wp\/v2\/pages\/70"}],"collection":[{"href":"https:\/\/www.wuppertal-greeter.de\/en\/wp-json\/wp\/v2\/pages"}],"about":[{"href":"https:\/\/www.wuppertal-greeter.de\/en\/wp-json\/wp\/v2\/types\/page"}],"author":[{"embeddable":true,"href":"https:\/\/www.wuppertal-greeter.de\/en\/wp-json\/wp\/v2\/users\/2"}],"replies":[{"embeddable":true,"href":"https:\/\/www.wuppertal-greeter.de\/en\/wp-json\/wp\/v2\/comments?post=70"}],"version-history":[{"count":23,"href":"https:\/\/www.wuppertal-greeter.de\/en\/wp-json\/wp\/v2\/pages\/70\/revisions"}],"predecessor-version":[{"id":327,"href":"https:\/\/www.wuppertal-greeter.de\/en\/wp-json\/wp\/v2\/pages\/70\/revisions\/327"}],"wp:attachment":[{"href":"https:\/\/www.wuppertal-greeter.de\/en\/wp-json\/wp\/v2\/media?parent=70"}],"curies":[{"name":"wp","href":"https:\/\/api.w.org\/{rel}","templated":true}]}}

<p>Wuppertal is one of the greenest cities in Germany. More than a third of its total area (57.35 square kilometers, 34 percent) consists of parks, gardens and forests as well as agricultural land. Beautification associations, which in the 19th century secured large areas of forest still preserved today and created forest parks and landscaped gardens, were responsible for the numerous recreational areas.</p>
<h4>Hardt</h4>
<div id="attachment_245" style="width: 186px" class="wp-caption aligncenter"><img loading="lazy" decoding="async" aria-describedby="caption-attachment-245" src="http://www.wuppertal-greeter.de/wp-content/uploads/2020/01/Elisenturm-auf-der-Hardt-176x300.jpg" alt="" class="wp-image-245 size-medium" width="176" height="300" srcset="https://www.wuppertal-greeter.de/wp-content/uploads/2020/01/Elisenturm-auf-der-Hardt-176x300.jpg 176w, https://www.wuppertal-greeter.de/wp-content/uploads/2020/01/Elisenturm-auf-der-Hardt-602x1024.jpg 602w, https://www.wuppertal-greeter.de/wp-content/uploads/2020/01/Elisenturm-auf-der-Hardt-768x1306.jpg 768w, https://www.wuppertal-greeter.de/wp-content/uploads/2020/01/Elisenturm-auf-der-Hardt-903x1536.jpg 903w, https://www.wuppertal-greeter.de/wp-content/uploads/2020/01/Elisenturm-auf-der-Hardt.jpg 924w" sizes="(max-width: 176px) 100vw, 176px" /><p id="caption-attachment-245" class="wp-caption-text">© Foto Julia Doberitz</p></div>
<p>The Hardt complex was named after the Hardtberg, which is a large forested hill. The Hardt is located in the city center of Wuppertal and is one of the oldest city parks in Germany.

The two historic lookout towers, the Elisen and the Bismarck tower, are the icons that define the image of the Hardt complex. The Villa Eller and Orangery can also be found in the park.</p>
<h4>Barmer Anlagen</h4>
<div id="attachment_276" style="width: 310px" class="wp-caption alignnone"><img loading="lazy" decoding="async" aria-describedby="caption-attachment-276" src="https://www.wuppertal-greeter.de/wp-content/uploads/2020/01/barmer-anlagen-e1646154435849-300x169.jpg" alt="Barmer Anlagen" class="wp-image-276 size-medium" width="300" height="169" srcset="https://www.wuppertal-greeter.de/wp-content/uploads/2020/01/barmer-anlagen-e1646154435849-300x169.jpg 300w, https://www.wuppertal-greeter.de/wp-content/uploads/2020/01/barmer-anlagen-e1646154435849-768x432.jpg 768w, https://www.wuppertal-greeter.de/wp-content/uploads/2020/01/barmer-anlagen-e1646154435849-18x10.jpg 18w, https://www.wuppertal-greeter.de/wp-content/uploads/2020/01/barmer-anlagen-e1646154435849.jpg 960w" sizes="(max-width: 300px) 100vw, 300px" /><p id="caption-attachment-276" class="wp-caption-text">© Foto Julia Doberitz</p></div>
<p>Wuppertal is home to the second largest private recreation park in Germany, named the Barmer Anlagen.
The park was designed in 1864 and is located in the Barmen district. The park extends over 100 hectares and has numerous meadows, ponds and forests.</p>
<p>In addition, the 26.25m tall Toelleturm, which is 330m above sea level, is another great attraction from which you have a wonderful view over the “Bergisches Land”.</p>
<h4>The Vorwerk Park</h4>
<div id="attachment_146" style="width: 310px" class="wp-caption alignleft"><img loading="lazy" decoding="async" aria-describedby="caption-attachment-146" src="http://www.wuppertal-greeter.de/wp-content/uploads/2020/01/IMG_20180531_133049-300x203.jpg" alt="" class="wp-image-146 size-medium" width="300" height="203" srcset="https://www.wuppertal-greeter.de/wp-content/uploads/2020/01/IMG_20180531_133049-300x203.jpg 300w, https://www.wuppertal-greeter.de/wp-content/uploads/2020/01/IMG_20180531_133049-1024x692.jpg 1024w, https://www.wuppertal-greeter.de/wp-content/uploads/2020/01/IMG_20180531_133049-768x519.jpg 768w, https://www.wuppertal-greeter.de/wp-content/uploads/2020/01/IMG_20180531_133049-1536x1038.jpg 1536w, https://www.wuppertal-greeter.de/wp-content/uploads/2020/01/IMG_20180531_133049-2048x1384.jpg 2048w" sizes="(max-width: 300px) 100vw, 300px" /><p id="caption-attachment-146" class="wp-caption-text">© Foto Julia Doberitz</p></div>
<p style="text-align: left;">The former private park of the Vorwerk family was built at the beginning of the 20th century and borders on the Barmer Anlagen. The park is characterized by its magnificent rhododendrons, the numerous ponds and the wonderful view over the Murmelbach valley.

Today it is used as a public park in Barmen District.</p>
<h4>Nordpark</h4>
<div id="attachment_416" style="width: 310px" class="wp-caption alignnone"><img loading="lazy" decoding="async" aria-describedby="caption-attachment-416" src="http://www.wuppertal-greeter.de/wp-content/uploads/2020/03/Skywalk©Christa-Mrozek-300x225.jpg" alt="" class="wp-image-416 size-medium" width="300" height="225" srcset="https://www.wuppertal-greeter.de/wp-content/uploads/2020/03/Skywalk©Christa-Mrozek-300x225.jpg 300w, https://www.wuppertal-greeter.de/wp-content/uploads/2020/03/Skywalk©Christa-Mrozek.jpg 640w" sizes="(max-width: 300px) 100vw, 300px" /><p id="caption-attachment-416" class="wp-caption-text">© Foto Christa Mrozek</p></div>
<p>This park, which is also located in Barmen, is characterized by its two special sights. The first is a beautiful game reserve and the other is a unique skywalk.
In the game reserve it is possible for visitors to observe and feed game and the Skywalk is a 7m high, 16.5m long viewing platform that protrudes from the forest and offers a wonderful view over Barmen.</p>
<h4>Mirker Hain</h4>
<div id="attachment_277" style="width: 310px" class="wp-caption alignleft"><img loading="lazy" decoding="async" aria-describedby="caption-attachment-277" src="http://www.wuppertal-greeter.de/wp-content/uploads/2020/01/mirker-hain1-scaled-e1578898894150-300x199.jpg" alt="Mirker Hain" class="wp-image-277 size-medium" width="300" height="199" srcset="https://www.wuppertal-greeter.de/wp-content/uploads/2020/01/mirker-hain1-scaled-e1578898894150-300x199.jpg 300w, https://www.wuppertal-greeter.de/wp-content/uploads/2020/01/mirker-hain1-scaled-e1578898894150-1024x678.jpg 1024w, https://www.wuppertal-greeter.de/wp-content/uploads/2020/01/mirker-hain1-scaled-e1578898894150-768x509.jpg 768w, https://www.wuppertal-greeter.de/wp-content/uploads/2020/01/mirker-hain1-scaled-e1578898894150-1536x1018.jpg 1536w, https://www.wuppertal-greeter.de/wp-content/uploads/2020/01/mirker-hain1-scaled-e1578898894150-2048x1357.jpg 2048w, https://www.wuppertal-greeter.de/wp-content/uploads/2020/01/mirker-hain1-scaled-e1578898894150-360x240.jpg 360w" sizes="(max-width: 300px) 100vw, 300px" /><p id="caption-attachment-277" class="wp-caption-text">© Foto Julia Doberitz</p></div>
<p>Unlike the previous parks, the Mirker Hain is a forest but has a similar structure to a park.
It is a focal point for families and children thanks to its two playgrounds. Plus, a walk through the 20-hectare area is always worthwhile to escape everyday stress.</p>
<h4>Von-der-Heydt-Park</h4>
<p>In the south of Elberfeld lies the Heydt'sche Parkanlage with its 3.2 hectares of green space. In addition to an extensive meadow and a small forest, you will also find a children's playground and a pavilion. Whether walking, sports, or just relaxing in the meadow - the park offers some possibilities for every mood.</p>
<h4>Deweerth&#8217;scher Garten</h4>
<p>The small city park, located at the western end of the "Luisenviertel," is bustling with colorful life. In good weather, the people of Elberfeld cavort between cafés and sandboxes, a boules court, and a memorial to the victims of National Socialism in the park. The park has belonged to the de Weerth family since 1802. This is commemorated by the private "Villa Frowein", which for a time housed the Wuppertal Music Academy/Bergische Musikschule. A monument of five fountain columns, with water flowing down into a paved trough, delights especially the children in summer.</p>
<h4>Skulpturenpark Waldfrieden</h4>
<p>Amid an idyllic wooded area on the southern heights between Wuppertal's city centers of Elberfeld and Barmen lies the Waldfrieden Sculpture Park. Old deciduous trees line the long twisting road that leads to the park grounds. Even on the dams of the driveway, visitors discover individual sculptures by the renowned sculptor and art professor Tony Cragg, who acquired the property with the villa of the former paint factory owner Dr. Kurt Herberts in 2006. On the 14-hectare site, the Briton exhibits a steadily growing collection of sculptures, including his sculptures and works by many renowned modern and contemporary artists.</p>
<h4>The Flügelhügel</h4>
<div id="attachment_118" style="width: 310px" class="wp-caption alignnone"><img loading="lazy" decoding="async" aria-describedby="caption-attachment-118" src="http://www.wuppertal-greeter.de/wp-content/uploads/2020/01/20180511_192835-300x225.jpg" alt="Flügelhügel" class="wp-image-118 size-medium" width="300" height="225" srcset="https://www.wuppertal-greeter.de/wp-content/uploads/2020/01/20180511_192835-300x225.jpg 300w, https://www.wuppertal-greeter.de/wp-content/uploads/2020/01/20180511_192835-1024x768.jpg 1024w, https://www.wuppertal-greeter.de/wp-content/uploads/2020/01/20180511_192835-768x576.jpg 768w, https://www.wuppertal-greeter.de/wp-content/uploads/2020/01/20180511_192835-1536x1152.jpg 1536w, https://www.wuppertal-greeter.de/wp-content/uploads/2020/01/20180511_192835-2048x1536.jpg 2048w" sizes="(max-width: 300px) 100vw, 300px" /><p id="caption-attachment-118" class="wp-caption-text">© Foto Jamil Hmida</p></div>
<p class="translation-block">The Flügelhügel is a wonderful vantage point on the University campus Grifflenberg. From this vantage point you can look directly into the valley.</p>
<hr>
<p>&nbsp;</p>

<p>Wuppertal ist einer der grünsten Großstädte Deutschlands. Mehr als ein Drittel seiner Gesamtfläche (57,35 Quadratkilometer, 34 Prozent) besteht aus Parks, Gärten und Wäldern sowie landwirtschaftlicher Nutzfläche. Verschönerungsvereine, die im 19. Jahrhundert große noch heute erhaltene Waldflächen gesichert und Waldparks und Landschaftsgärten angelegt haben, waren verantwortlich für die zahlreichen Erholungsflächen. Hardt</p>
